
{"id":20,"date":"2021-07-29T01:02:55","date_gmt":"2021-07-28T23:02:55","guid":{"rendered":"http:\/\/mti-serwis.pl\/?page_id=20"},"modified":"2021-08-10T10:57:09","modified_gmt":"2021-08-10T08:57:09","slug":"cookies","status":"publish","type":"page","link":"https:\/\/mti-serwis.pl\/index.php\/cookies\/","title":{"rendered":"Cookies"},"content":{"rendered":"\n<p>Polityka plik\u00f3w \u201ccookies\u201d serwisu MTI-SERWIS.PL<\/p>\n\n\n\n<ol><li>Poprzez piki \u201ccookies\u201d nale\u017cy rozumie\u0107 dane informatyczne przechowywane w<br>urz\u0105dzeniach ko\u0144cowych u\u017cytkownik\u00f3w, przeznaczone do korzystania ze stron<br>internetowych. W szczeg\u00f3lno\u015bci s\u0105 to pliki tekstowe, zawieraj\u0105ce nazw\u0119 strony<br>internetowej, z kt\u00f3rej pochodz\u0105, czas przechowywania ich na urz\u0105dzeniu ko\u0144cowym<br>oraz unikalny numer.<\/li><li>Serwis nie zbiera w spos\u00f3b automatyczny \u017cadnych informacji, z wyj\u0105tkiem informacji<br>zawartych w plikach cookies.<\/li><li>Pliki cookies przeznaczone s\u0105 do korzystania ze stron serwisu. Operator<br>wykorzystuje te pliki do:<br>a) mo\u017cliwo\u015bci logowania i utrzymywania sesji u\u017cytkownika na ka\u017cdej kolejnej stronie<br>serwisu<br>b) dopasowania zawarto\u015bci strony internetowej do indywidualnych preferencji<br>u\u017cytkownika, przede wszystkim pliki te rozpoznaj\u0105 jego urz\u0105dzenie, aby zgodnie z<br>jego preferencjami wy\u015bwietli\u0107 stron\u0119<br>c) do tworzenia anonimowych statystyk z wy\u0142\u0105czeniem mo\u017cliwo\u015bci identyfikacji<br>u\u017cytkownika.<\/li><li>Pliki cookies wykorzystywane przez partner\u00f3w operatora strony internetowej, w tym w<br>szczeg\u00f3lno\u015bci u\u017cytkownik\u00f3w strony internetowej, podlegaj\u0105 ich w\u0142asnej polityce<br>prywatno\u015bci.<\/li><li>W trosce o bezpiecze\u0144stwo powierzonych nam danych opracowali\u015bmy wewn\u0119trzne<br>procedury i zalecenia, kt\u00f3re maj\u0105 zapobiec udost\u0119pnieniu danych osobom<br>nieupowa\u017cnionym. Kontrolujemy ich wykonywanie i stale sprawdzamy ich zgodno\u015b\u0107<br>z odpowiednimi aktami prawnymi &#8211; ustaw\u0105 o ochronie danych osobowych, ustaw\u0105 o<br>\u015bwiadczeniu us\u0142ug drog\u0105 elektroniczn\u0105, a tak\u017ce wszelkiego rodzaju aktach<br>wykonawczych i aktach prawa wsp\u00f3lnotowego<\/li><li>Standardowo oprogramowanie s\u0142u\u017c\u0105ce do przegl\u0105dania stron internetowych<br>domy\u015blnie dopuszcza umieszczanie plik\u00f3w cookies na urz\u0105dzeniu ko\u0144cowym<br>U\u017cytkownika. Ustawienia te mog\u0105 zosta\u0107 zmienione przez U\u017cytkownika w taki<br>spos\u00f3b, aby blokowa\u0107 automatyczn\u0105 obs\u0142ug\u0119 \u201ccookies\u201d w ustawieniach przegl\u0105darki<br>internetowej b\u0105d\u017a informowa\u0107 o ich ka\u017cdorazowym przes\u0142aniu na urz\u0105dzenia<br>u\u017cytkownika.<\/li><li>Operator Serwisu informuje, \u017ce zmiany ustawie\u0144 w przegl\u0105darce internetowej<\/li><li>u\u017cytkownika mog\u0105 uniemo\u017cliwi\u0107 poprawne dzia\u0142anie Stron Internetowych<\/li><li>U\u017cytkownicy Serwisu mog\u0105 dokona\u0107 w ka\u017cdym czasie zmiany ustawie\u0144 dotycz\u0105cych<br>plik\u00f3w cookies. Szczeg\u00f3\u0142owe informacje o mo\u017cliwo\u015bci i sposobach obs\u0142ugi plik\u00f3w<br>cookies dost\u0119pne s\u0105 w ustawieniach oprogramowania (przegl\u0105darki internetowej).<br>Przyk\u0142adowe opcje edytowania w popularnych przegl\u0105darkach:<\/li><\/ol>\n\n\n\n<ul><li>Mozilla Firefox: www.support.mozilla.org\/pl\/kb\/ciasteczka<\/li><li>Internet Explorer: www.support.microsoft.com\/kb\/278835\/pl<\/li><li>Google Chrome:<br>www.support.google.com\/chrome\/bin\/answer.py?hl=pl&amp;answer=95647<\/li><li>Safari:<br>www.safari.helpmax.net\/pl\/oszczedzanie-czasu\/blokowanie-zawartosci\/<\/li><\/ul>\n","protected":false},"excerpt":{"rendered":"<p>Polityka plik\u00f3w \u201ccookies\u201d serwisu MTI-SERWIS.PL Poprzez piki \u201ccookies\u201d nale\u017cy rozumie\u0107 dane informatyczne przechowywane wurz\u0105dzeniach ko\u0144cowych u\u017cytkownik\u00f3w, przeznaczone do korzystania ze stroninternetowych. W szczeg\u00f3lno\u015bci s\u0105 to pliki tekstowe, zawieraj\u0105ce nazw\u0119 stronyinternetowej, z kt\u00f3rej pochodz\u0105, czas przechowywania ich na urz\u0105dzeniu ko\u0144cowymoraz unikalny numer. Serwis nie zbiera w spos\u00f3b automatyczny \u017cadnych informacji, z wyj\u0105tkiem informacjizawartych w plikach cookies. [&hellip;]<\/p>\n","protected":false},"author":1,"featured_media":0,"parent":0,"menu_order":0,"comment_status":"closed","ping_status":"closed","template":"single.php","meta":[],"_links":{"self":[{"href":"https:\/\/mti-serwis.pl\/index.php\/wp-json\/wp\/v2\/pages\/20"}],"collection":[{"href":"https:\/\/mti-serwis.pl\/index.php\/wp-json\/wp\/v2\/pages"}],"about":[{"href":"https:\/\/mti-serwis.pl\/index.php\/wp-json\/wp\/v2\/types\/page"}],"author":[{"embeddable":true,"href":"https:\/\/mti-serwis.pl\/index.php\/wp-json\/wp\/v2\/users\/1"}],"replies":[{"embeddable":true,"href":"https:\/\/mti-serwis.pl\/index.php\/wp-json\/wp\/v2\/comments?post=20"}],"version-history":[{"count":2,"href":"https:\/\/mti-serwis.pl\/index.php\/wp-json\/wp\/v2\/pages\/20\/revisions"}],"predecessor-version":[{"id":22,"href":"https:\/\/mti-serwis.pl\/index.php\/wp-json\/wp\/v2\/pages\/20\/revisions\/22"}],"wp:attachment":[{"href":"https:\/\/mti-serwis.pl\/index.php\/wp-json\/wp\/v2\/media?parent=20"}],"curies":[{"name":"wp","href":"https:\/\/api.w.org\/{rel}","templated":true}]}}